) = 248*o - 166. Determine j(1).
82
Let p(h) = -2*h**2 + 29*h + 68. Calculate p(23).
-323
Let n(b) = -10*b**2 + 110*b + 29. Calculate n(13).
-231
Let b(o) = 65*o - 1098. What is b(16)?
-58
Let p(d) = 127*d - 7967. Calculate p(64).
161
Let v(o) = 2*o**3 + 66*o**2 + 3*o + 83. Give v(-33).
-16
Let z(r) = -241*r**2 + 1927*r + 4. Determine z(8).
-4
Let t(g) = -2*g**3 - 309*g**2 + 460*g - 1272. Calculate t(-156).
-24
Let f(m) = -m**3 - 12*m**2 + 8*m + 3. Calculate f(-7).
-298
Let b(s) = -25*s + 1309. Determine b(53).
-16
Let y(g) = -7391*g - 29559. Give y(-4).
5
Let w(h) = -h**3 + 15*h**2 + 30*h + 12. Give w(16).
236
Let h(k) = 782*k + 2357. Give h(-3).
11
Let w(a) = a**2 - 33*a - 174. Calculate w(37).
-26
Let t(f) = -f**2 + 52*f + 99. Calculate t(-2).
-9
Let w(s) = -s**2 + 28*s + 333. Determine w(37).
0
Let a(q) = 88*q**2 + 21*q + 42. What is a(-2)?
352
Let i(v) = -4*v**2 - 240*v + 144. Give i(-62).
-352
Let k(v) = 2*v**2 - 296*v - 11524. Give k(-32).
-4
Let l(b) = b**3 + 3*b**2 - 22*b + 38. What is l(-7)?
-4
Let g(v) = -3*v**2 + 31*v - 4. Determine g(11).
-26
Let n(f) = f**3 + 33*f**2 + 124*f + 5385. Give n(-34).
13
Let j(c) = -3344*c - 20053. Give j(-6).
11
Let p(q) = 3*q**3 - 13*q**2 + 20*q + 3. Calculate p(2).
15
Let r(g) = -732*g + 4390. Calculate r(6).
-2
Let a(v) = 4*v**2 + 132*v + 82. Give a(-33).
82
Let p(m) = m**3 + 111*m**2 + 2473*m - 552. Give p(-80).
8
Let k(n) = 30*n + 290. Calculate k(-10).
-10
Let i(l) = 27*l + 1285. Determine i(-45).
70
Let l(m) = -1783*m - 10740. Calculate l(-6).
-42
Let z(t) = t**3 + 13*t**2 + 13*t + 35. Calculate z(-9).
242
Let x(i) = -7*i**3 - 31*i**2 + 86*i + 110. What is x(-6)?
-10
Let p(u) = 24*u - 1487. Calculate p(65).
73
Let t(v) = -189*v - 356. Give t(-2).
22
Let i(n) = -70*n + 274. Give i(5).
-76
Let u(b) = -b**3 + 105*b + 390. Determine u(-8).
62
Let h(j) = 2*j**2 + 25*j + 42. Give h(-11).
9
Let w(q) = -12*q**3 - 5*q**2 + 10*q - 6. Calculate w(1).
-13
Let w(p) = -p**2 - 2*p + 117. Give w(-14).
-51
Let x(h) = -2*h**2 + 15*h - 18. Calculate x(12).
-126
Let d(c) = 58*c - 468. Determine d(8).
-4
Let z(v) = v**2 - 39*v - 3432. Calculate z(81).
-30
Let q(x) = 26*x + 1778. What is q(-68)?
10
Let m(z) = 13*z - 63. Calculate m(7).
28
Let b(q) = q**2 - 52*q + 374. Determine b(43).
-13
Let w(k) = -1417*k + 4255. Give w(3).
4
Let q(l) = -50*l + 1030. Determine q(19).
80
Let d(r) = 11*r - 607. Give d(43).
-134
Let z(q) = -225*q - 1346. Calculate z(-6).
4
Let w(k) = -14*k**3 - 6*k**2 + 144*k + 150. What is w(-1)?
14
Let t(l) = 2*l**3 + 78*l**2 + 758*l - 43. Determine t(-20).
-3
Let r(m) = -m**3 - 155*m**2 + 11550*m. Calculate r(55).
0
Let p(m) = m**3 - m**2 + m + 29. Determine p(0).
29
Let a(l) = 2588*l + 13059. Calculate a(-5).
119
Let i(n) = -n**3 - 29*n**2 - 137*n - 6. Calculate i(-5).
79
Let p(l) = 3*l**2 - 1185*l - 1185. Calculate p(-1).
3
Let u(d) = -d**3 - 3*d**2 + 15*d - 1. What is u(-7)?
90
Let u(q) = -27*q - 3335. Determine u(-126).
67
Let i(j) = 7*j**3 + 28*j**2 - 12*j + 2. Give i(-5).
-113
Let d(q) = -1758*q + 56268. What is d(32)?
12
Let q(y) = 134*y + 10461. Give q(-78).
9
Let k(f) = -f**2 + 354*f - 2760. Calculate k(8).
8
Let f(a) = a**3 + 16*a**2 + 33*a + 69. Calculate f(-14).
-1
Let h(f) = f**3 + 66*f**2 + 153*f + 1583. Give h(-64).
-17
Let l(m) = -m**3 + 9*m**2 + 64*m + 83. What is l(14)?
-1
Let z(n) = 37*n - 2458. Give z(67).
21
Let v(n) = 2*n**3 + 5*n**2 + 3. What is v(-3)?
-6
Let u(y) = 2*y**3 - 31*y**2 - 92*y + 17. What is u(18)?
-19
Let m(q) = 2*q - 12. Determine m(40).
68
Let b(p) = -4*p**3 + 8*p**2 - 2*p + 15. Calculate b(4).
-121
Let v(y) = 111*y - 9999. Calculate v(90).
-9
Let u(t) = 620*t + 3633. Calculate u(-6).
-87
Let a(d) = -329*d + 2055. Give a(6).
81
Let l(q) = 26*q - 102. Give l(3).
-24
Let s(q) = -10*q**2 - 76*q - 8. Give s(-5).
122
Let i(u) = u**3 - 13*u**2 - 6*u - 135. Give i(13).
-213
Let w(b) = 31*b**2 - 16*b - 73. Determine w(-4).
487
Let m(x) = -x**3 + 37*x**2 + 81*x - 95. Give m(39).
22
Let g(h) = -11*h - 67. What is g(-12)?
65
Let d(a) = 2*a**3 + 3*a**2 + 11*a + 71. Determine d(-4).
-53
Let n(w) = 5*w**3 - 11*w**2 - 3*w. What is n(4)?
132
Let d(x) = 7*x**2 - 125*x - 148. Give d(19).
4
Let z(r) = 4*r**2 - 171*r - 614. Give z(46).
-16
Let a(j) = -87*j + 7. Determine a(1).
-80
Let p(x) = 2*x**2 + 33*x - 42. Give p(-25).
383
Let w(q) = 9*q**2 - 138*q - 61. Calculate w(16).
35
Let v(p) = -155*p**2 - 9764*p + 68. Give v(-63).
5
Let s(g) = 49*g - 1695. Calculate s(35).
20
Let l(o) = -131*o - 509. Calculate l(-4).
15
Let b(j) = 2*j**3 - 25*j**2 + 98*j + 15. Give b(4).
135
Let f(p) = 6*p**2 - 278*p + 1628. What is f(7)?
-24
Let m(b) = b**2 + 63*b - 1067. Determine m(-77).
11
Let d(f) = -f**2 + 6*f + 30. Calculate d(3).
39
Let x(r) = -52*r - 3541. What is x(-68)?
-5
Let f(o) = -694*o + 35. Give f(0).
35
Let j(a) = -a**2 + 32*a - 76. Calculate j(11).
155
Let r(f) = -2*f**3 - 14*f**2 + 59*f - 15. Determine r(-10).
-5
Let d(h) = 33*h**2 + 13*h + 23. Calculate d(-1).
43
Let w(z) = z**3 - 18*z**2 - 37*z + 898. Calculate w(17).
-20
Let y(k) = 2*k**2 - 71*k + 287. Determine y(31).
8
Let m(g) = -g**3 - 39*g**2 - 246*g - 20. Determine m(-9).
-236
Let o(u) = -92*u + 2284. Determine o(25).
-16
Let s(m) = -231*m**3 - 2*m**2 - 3*m - 1. Calculate s(-1).
231
Let g(c) = -891*c + 1734. Determine g(2).
-48
Let b(z) = -101*z + 8486. Give b(84).
2
Let t(v) = v**2 - 40*v + 414. What is t(24)?
30
Let q(w) = -124*w + 29. Give q(2).
-219
Let a(j) = 35*j + 1049. Determine a(-30).
-1
Let w(d) = -6*d**2 + 108*d + 106. Determine w(-1).
-8
Let w(d) = 4*d**2 + 26*d + 50. What is w(-4)?
10
Let s(u) = 71*u + 174. Determine s(-2).
32
Let y(z) = 2*z**2 + 26*z - 48. Give y(-20).
232
Let a(g) = g**2 - 50*g - 804. Calculate a(-14).
92
Let r(v) = v**2 + 16*v - 78. Give r(-20).
2
Let z(g) = -g**2 + 25*g - 146. What is z(6)?
-32
Let c(z) = -71*z + 2834. Give c(39).
65
Let v(u) = -6*u**2 + 141*u + 800. Give v(28).
44
Let q(u) = 40*u**2 - 7*u + 5. What is q(2)?
151
Let z(r) = -r**3 + 86*r**2 + 500*r - 309. What is z(-6)?
3
Let a(r) = -15*r - 14. Determine a(-5).
61
Let t(i) = 125*i - 966. What is t(8)?
34
Let n(c) = -c**3 - 34*c**2 + 21*c - 615. Give n(-35).
-125
Let b(r) = 6*r**2 - 34*r - 13. What is b(6)?
-1
Let r(s) = -4*s**2 - 477*s - 132. What is r(-119)?
-13
Let j(i) = 240*i - 180. What is j(1)?
60
Let x(t) = 57*t + 30. Give x(0).
30
Let i(n) = n**2 - 29*n - 345. Calculate i(-9).
-3
Let c(l) = -2*l**3 - 23*l**2 - 45*l + 5. Determine c(-9).
5
Let q(r) = 2*r**3 + 135*r**2 + 567*r - 19. What is q(-63)?
-19
Let r(b) = 2*b**2 + 265*b - 4522. Give r(-148).
66
Let s(f) = 86*f - 1271. Give s(15).
19
Let d(b) = b**3 - 73*b**2 + 1121*b + 7. Calculate d(22).
-15
Let x(a) = -31*a - 94. Give x(-6).
92
Let k(p) = -p**2 + 2072*p - 20573. Determine k(10).
47
Let i(o) = -2*o**2 - 97*o - 102. What is i(-42)?
444
Let y(h) = 22*h**2 + 326*h + 248. Calculate y(-14).
-4
Let a(h) = 2*h**2 + 104*h + 1099. Give a(-38).
35
Let i(j) = j**2 - 5*j + 7. Give i(3).
1
Let z(m) = m**3 - 18*m**2 + 52*m + 63. Give z(14).
7
Let b(l) = -2504*l**2 - 215343*l + 83. What is b(-86)?
-3
Let c(s) = -2*s**3 - 4*s - 3. What is c(-1)?
3
Let f(b) = 3*b**3 - 5*b**2 + 16*b - 7. Give f(4).
169
Let d(a) = 77*a + 2149. Give d(-28).
-7
Let k(a) = a**2 + 162*a + 2. What is k(0)?
2
Let z(b) = 46*b - 2657. Calculate z(58).
11
Let i(j) = -39*j + 1735. What is i(44)?
19
Let g(h) = 12*h + 266. What is g(-23)?
-10
Let h(d) = -d**2 + 89*d + 5237. Give h(-40).
77
Let n(j) = -13*j + 97. Give n(-7).
188
Let s(x) = x**2 - 99*x + 104. Calculate s(98).
6
Let h(x) = 197*x + 10262. Determine h(-52).
18
Let m(y) = 3*y**2 + 6*y - 2. What is m(0)?
-2
Let c(h) = -h**2 - 18*h - 461. What is c(-33)?
-956
Let d(h) = 2503*h - 215252. What is d(86)?
6
Let t(x) = -7*x**3 + 118*x**2 + 32*x - 251. Calculate t(17).
4
Let y(d) = -33*d + 492. Calculate y(16).
-36
Let s(y) = -102*y + 4255. What is s(42)?
-29
Let u(v) = 10*v + 244. Calculate u(-29).
-46
Let r(f) = f**3 - f**2 - 15*f - 4. Determine r(-6).
-166
Let f(l) = -881*l + 3581. Determine f(4).
57
Let j(f) = -5*f**2 + 10*f + 27. Give j(4).
-13
Let r(s) = -10*s**2 + 263*s - 1593. Give r(8).
-129
Let t(g) = -3*g**3 - 19*g**2 + 67*g + 379. Give t(-8).
163
Let d(i) = -5*i + 15. Give d(1).
10
Let q(k) = k**3 + 9*k**2 - 2*k + 72. Give q(0).
72
Let